{"id":23,"date":"2025-09-18T14:40:44","date_gmt":"2025-09-18T14:40:44","guid":{"rendered":"http:\/\/equipedefrancedestransplantes.fr\/?page_id=23"},"modified":"2025-09-18T20:11:21","modified_gmt":"2025-09-18T20:11:21","slug":"jeux-mondiaux-des-transplantes-la-vie-en-mouvement","status":"publish","type":"page","link":"http:\/\/equipedefrancedestransplantes.fr\/?page_id=23","title":{"rendered":"World Transplant Games"},"content":{"rendered":"\n<hr class=\"wp-block-separator has-alpha-channel-opacity\"\/>\n\n\n\n<h2 class=\"wp-block-heading\">Un rendez-vous unique<\/h2>\n\n\n\n<p>Les Jeux Mondiaux r\u00e9unissent des athl\u00e8tes greff\u00e9s et dialys\u00e9s du monde entier.<br>Au-del\u00e0 des podiums, c\u2019est un <strong>rendez-vous d\u2019\u00e9motions, de fraternit\u00e9 et de reconnaissance<\/strong> envers les donneurs et leurs familles.<\/p>\n\n\n\n<hr class=\"wp-block-separator has-alpha-channel-opacity\"\/>\n\n\n\n<h2 class=\"wp-block-heading\">Galeries photos &amp; vid\u00e9os<\/h2>\n\n\n\n<ul class=\"wp-block-list\">\n<li>Albums par \u00e9dition : [Ville \u2022 Ann\u00e9e]<\/li>\n\n\n\n<li>Moments forts : c\u00e9r\u00e9monies, relais, podiums, portraits<\/li>\n\n\n\n<li>Interviews : athl\u00e8tes, coachs, proches<\/li>\n<\/ul>\n\n\n\n<hr class=\"wp-block-separator has-alpha-channel-opacity\"\/>\n\n\n\n<h2 class=\"wp-block-heading\">Palmar\u00e8s fran\u00e7ais<\/h2>\n\n\n\n<ul class=\"wp-block-list\">\n<li>Tableau r\u00e9capitulatif des m\u00e9dailles (or \/ argent \/ bronze)<\/li>\n\n\n\n<li>Records par discipline et par \u00e9dition<\/li>\n<\/ul>\n\n\n\n<hr class=\"wp-block-separator has-alpha-channel-opacity\"\/>\n\n\n\n<h2 class=\"wp-block-heading\">Prochains rendez-vous<\/h2>\n\n\n\n<ul class=\"wp-block-list\">\n<li>[\u00c9dition \u2022 ville \u2022 dates]<\/li>\n\n\n\n<li>S\u00e9lections &amp; crit\u00e8res : [\u00c0 compl\u00e9ter]<\/li>\n\n\n\n<li>Infos logistiques : [\u00c0 compl\u00e9ter]<\/li>\n<\/ul>\n\n\n\n<p><a href=\"\/adhesion-cotisation\">Se pr\u00e9parer avec l\u2019\u00e9quipe<\/a><\/p>\n","protected":false},"excerpt":{"rendered":"<p>Un rendez-vous unique Les Jeux Mondiaux r\u00e9unissent des athl\u00e8tes greff\u00e9s et dialys\u00e9s du monde entier.Au-del\u00e0 des podiums, c\u2019est un rendez-vous d\u2019\u00e9motions, de fraternit\u00e9 et de reconnaissance envers les donneurs et [&hellip;]<\/p>\n","protected":false},"author":1,"featured_media":0,"parent":0,"menu_order":0,"comment_status":"closed","ping_status":"closed","template":"","meta":{"_EventAllDay":false,"_EventTimezone":"","_EventStartDate":"","_EventEndDate":"","_EventStartDateUTC":"","_EventEndDateUTC":"","_EventShowMap":false,"_EventShowMapLink":false,"_EventURL":"","_EventCost":"","_EventCostDescription":"","_EventCurrencySymbol":"","_EventCurrencyCode":"","_EventCurrencyPosition":"","_EventDateTimeSeparator":"","_EventTimeRangeSeparator":"","_EventOrganizerID":[],"_EventVenueID":[],"_OrganizerEmail":"","_OrganizerPhone":"","_OrganizerWebsite":"","_VenueAddress":"","_VenueCity":"","_VenueCountry":"","_VenueProvince":"","_VenueState":"","_VenueZip":"","_VenuePhone":"","_VenueURL":"","_VenueStateProvince":"","_VenueLat":"","_VenueLng":"","_VenueShowMap":false,"_VenueShowMapLink":false,"footnotes":""},"class_list":["post-23","page","type-page","status-publish","hentry"],"yoast_head":"<!-- This site is optimized with the Yoast SEO plugin v25.9 - https:\/\/yoast.com\/wordpress\/plugins\/seo\/ -->\n<title>World Transplant Games - \u00c9quipe de France des transplant\u00e9s et dialys\u00e9s<\/title>\n<meta name=\"description\" content=\"Les championnats nationaux, europ\u00e9en et du monde r\u00e9unissent des athl\u00e8tes greff\u00e9s et dialys\u00e9s du monde entier. Au-del\u00e0 des podiums, c\u2019est un rendez-vous d\u2019\u00e9motions, de fraternit\u00e9 et de reconnaissance envers les donneurs et leurs familles.\" \/>\n<meta name=\"robots\" content=\"index, follow, max-snippet:-1, max-image-preview:large, max-video-preview:-1\" \/>\n<link rel=\"canonical\" href=\"http:\/\/equipedefrancedestransplantes.fr\/?page_id=23\" \/>\n<meta property=\"og:locale\" content=\"fr_FR\" \/>\n<meta property=\"og:type\" content=\"article\" \/>\n<meta property=\"og:title\" content=\"World Transplant Games - \u00c9quipe de France des transplant\u00e9s et dialys\u00e9s\" \/>\n<meta property=\"og:description\" content=\"Les championnats nationaux, europ\u00e9en et du monde r\u00e9unissent des athl\u00e8tes greff\u00e9s et dialys\u00e9s du monde entier. Au-del\u00e0 des podiums, c\u2019est un rendez-vous d\u2019\u00e9motions, de fraternit\u00e9 et de reconnaissance envers les donneurs et leurs familles.\" \/>\n<meta property=\"og:url\" content=\"http:\/\/equipedefrancedestransplantes.fr\/?page_id=23\" \/>\n<meta property=\"og:site_name\" content=\"\u00c9quipe de France des transplant\u00e9s et dialys\u00e9s\" \/>\n<meta property=\"article:modified_time\" content=\"2025-09-18T20:11:21+00:00\" \/>\n<meta name=\"twitter:card\" content=\"summary_large_image\" \/>\n<meta name=\"twitter:label1\" content=\"Dur\u00e9e de lecture estim\u00e9e\" \/>\n\t<meta name=\"twitter:data1\" content=\"1 minute\" \/>\n<script type=\"application\/ld+json\" class=\"yoast-schema-graph\">{\"@context\":\"https:\/\/schema.org\",\"@graph\":[{\"@type\":\"WebPage\",\"@id\":\"http:\/\/equipedefrancedestransplantes.fr\/?page_id=23\",\"url\":\"http:\/\/equipedefrancedestransplantes.fr\/?page_id=23\",\"name\":\"World Transplant Games - \u00c9quipe de France des transplant\u00e9s et dialys\u00e9s\",\"isPartOf\":{\"@id\":\"https:\/\/equipedefrancedestransplantes.fr\/#website\"},\"datePublished\":\"2025-09-18T14:40:44+00:00\",\"dateModified\":\"2025-09-18T20:11:21+00:00\",\"description\":\"Les championnats nationaux, europ\u00e9en et du monde r\u00e9unissent des athl\u00e8tes greff\u00e9s et dialys\u00e9s du monde entier. Au-del\u00e0 des podiums, c\u2019est un rendez-vous d\u2019\u00e9motions, de fraternit\u00e9 et de reconnaissance envers les donneurs et leurs familles.\",\"breadcrumb\":{\"@id\":\"http:\/\/equipedefrancedestransplantes.fr\/?page_id=23#breadcrumb\"},\"inLanguage\":\"fr-FR\",\"potentialAction\":[{\"@type\":\"ReadAction\",\"target\":[\"http:\/\/equipedefrancedestransplantes.fr\/?page_id=23\"]}]},{\"@type\":\"BreadcrumbList\",\"@id\":\"http:\/\/equipedefrancedestransplantes.fr\/?page_id=23#breadcrumb\",\"itemListElement\":[{\"@type\":\"ListItem\",\"position\":1,\"name\":\"Accueil\",\"item\":\"https:\/\/equipedefrancedestransplantes.fr\/\"},{\"@type\":\"ListItem\",\"position\":2,\"name\":\"World Transplant Games\"}]},{\"@type\":\"WebSite\",\"@id\":\"https:\/\/equipedefrancedestransplantes.fr\/#website\",\"url\":\"https:\/\/equipedefrancedestransplantes.fr\/\",\"name\":\"\u00c9quipe de France des transplant\u00e9s et dialys\u00e9s\",\"description\":\"Ensemble, plus fort, plus loin pour sensibiliser au don d&#039;organes\",\"potentialAction\":[{\"@type\":\"SearchAction\",\"target\":{\"@type\":\"EntryPoint\",\"urlTemplate\":\"https:\/\/equipedefrancedestransplantes.fr\/?s={search_term_string}\"},\"query-input\":{\"@type\":\"PropertyValueSpecification\",\"valueRequired\":true,\"valueName\":\"search_term_string\"}}],\"inLanguage\":\"fr-FR\"}]}<\/script>\n<!-- \/ Yoast SEO plugin. -->","yoast_head_json":{"title":"World Transplant Games - \u00c9quipe de France des transplant\u00e9s et dialys\u00e9s","description":"Les championnats nationaux, europ\u00e9en et du monde r\u00e9unissent des athl\u00e8tes greff\u00e9s et dialys\u00e9s du monde entier. Au-del\u00e0 des podiums, c\u2019est un rendez-vous d\u2019\u00e9motions, de fraternit\u00e9 et de reconnaissance envers les donneurs et leurs familles.","robots":{"index":"index","follow":"follow","max-snippet":"max-snippet:-1","max-image-preview":"max-image-preview:large","max-video-preview":"max-video-preview:-1"},"canonical":"http:\/\/equipedefrancedestransplantes.fr\/?page_id=23","og_locale":"fr_FR","og_type":"article","og_title":"World Transplant Games - \u00c9quipe de France des transplant\u00e9s et dialys\u00e9s","og_description":"Les championnats nationaux, europ\u00e9en et du monde r\u00e9unissent des athl\u00e8tes greff\u00e9s et dialys\u00e9s du monde entier. Au-del\u00e0 des podiums, c\u2019est un rendez-vous d\u2019\u00e9motions, de fraternit\u00e9 et de reconnaissance envers les donneurs et leurs familles.","og_url":"http:\/\/equipedefrancedestransplantes.fr\/?page_id=23","og_site_name":"\u00c9quipe de France des transplant\u00e9s et dialys\u00e9s","article_modified_time":"2025-09-18T20:11:21+00:00","twitter_card":"summary_large_image","twitter_misc":{"Dur\u00e9e de lecture estim\u00e9e":"1 minute"},"schema":{"@context":"https:\/\/schema.org","@graph":[{"@type":"WebPage","@id":"http:\/\/equipedefrancedestransplantes.fr\/?page_id=23","url":"http:\/\/equipedefrancedestransplantes.fr\/?page_id=23","name":"World Transplant Games - \u00c9quipe de France des transplant\u00e9s et dialys\u00e9s","isPartOf":{"@id":"https:\/\/equipedefrancedestransplantes.fr\/#website"},"datePublished":"2025-09-18T14:40:44+00:00","dateModified":"2025-09-18T20:11:21+00:00","description":"Les championnats nationaux, europ\u00e9en et du monde r\u00e9unissent des athl\u00e8tes greff\u00e9s et dialys\u00e9s du monde entier. Au-del\u00e0 des podiums, c\u2019est un rendez-vous d\u2019\u00e9motions, de fraternit\u00e9 et de reconnaissance envers les donneurs et leurs familles.","breadcrumb":{"@id":"http:\/\/equipedefrancedestransplantes.fr\/?page_id=23#breadcrumb"},"inLanguage":"fr-FR","potentialAction":[{"@type":"ReadAction","target":["http:\/\/equipedefrancedestransplantes.fr\/?page_id=23"]}]},{"@type":"BreadcrumbList","@id":"http:\/\/equipedefrancedestransplantes.fr\/?page_id=23#breadcrumb","itemListElement":[{"@type":"ListItem","position":1,"name":"Accueil","item":"https:\/\/equipedefrancedestransplantes.fr\/"},{"@type":"ListItem","position":2,"name":"World Transplant Games"}]},{"@type":"WebSite","@id":"https:\/\/equipedefrancedestransplantes.fr\/#website","url":"https:\/\/equipedefrancedestransplantes.fr\/","name":"\u00c9quipe de France des transplant\u00e9s et dialys\u00e9s","description":"Ensemble, plus fort, plus loin pour sensibiliser au don d&#039;organes","potentialAction":[{"@type":"SearchAction","target":{"@type":"EntryPoint","urlTemplate":"https:\/\/equipedefrancedestransplantes.fr\/?s={search_term_string}"},"query-input":{"@type":"PropertyValueSpecification","valueRequired":true,"valueName":"search_term_string"}}],"inLanguage":"fr-FR"}]}},"_links":{"self":[{"href":"http:\/\/equipedefrancedestransplantes.fr\/index.php?rest_route=\/wp\/v2\/pages\/23","targetHints":{"allow":["GET"]}}],"collection":[{"href":"http:\/\/equipedefrancedestransplantes.fr\/index.php?rest_route=\/wp\/v2\/pages"}],"about":[{"href":"http:\/\/equipedefrancedestransplantes.fr\/index.php?rest_route=\/wp\/v2\/types\/page"}],"author":[{"embeddable":true,"href":"http:\/\/equipedefrancedestransplantes.fr\/index.php?rest_route=\/wp\/v2\/users\/1"}],"replies":[{"embeddable":true,"href":"http:\/\/equipedefrancedestransplantes.fr\/index.php?rest_route=%2Fwp%2Fv2%2Fcomments&post=23"}],"version-history":[{"count":2,"href":"http:\/\/equipedefrancedestransplantes.fr\/index.php?rest_route=\/wp\/v2\/pages\/23\/revisions"}],"predecessor-version":[{"id":58,"href":"http:\/\/equipedefrancedestransplantes.fr\/index.php?rest_route=\/wp\/v2\/pages\/23\/revisions\/58"}],"wp:attachment":[{"href":"http:\/\/equipedefrancedestransplantes.fr\/index.php?rest_route=%2Fwp%2Fv2%2Fmedia&parent=23"}],"curies":[{"name":"wp","href":"https:\/\/api.w.org\/{rel}","templated":true}]}}