{"id":14,"date":"2025-09-18T14:13:58","date_gmt":"2025-09-18T14:13:58","guid":{"rendered":"http:\/\/equipedefrancedestransplantes.fr\/?page_id=14"},"modified":"2025-09-18T14:31:08","modified_gmt":"2025-09-18T14:31:08","slug":"lequipe-de-france-des-transplantes-et-dialyses","status":"publish","type":"page","link":"http:\/\/equipedefrancedestransplantes.fr\/?page_id=14","title":{"rendered":"L\u2019\u00c9quipe de France"},"content":{"rendered":"\n<hr class=\"wp-block-separator has-alpha-channel-opacity\"\/>\n\n\n\n<h2 class=\"wp-block-heading\">Notre mission<\/h2>\n\n\n\n<p>Sensibiliser au don d&rsquo;organes \u00e0 travers le sport et la comp\u00e9tition<\/p>\n\n\n\n<p>Soutenir la participation des membres dans les comp\u00e9titions nationales, europ\u00e9ennes et internationales. Principalement lors des Championnats des transplant\u00e9s et dialys\u00e9s.<\/p>\n\n\n\n<p>Valoriser et faire reconnaitre les sportifs greff\u00e9s et dialys\u00e9s dans les f\u00e9d\u00e9rations et instance sportives fran\u00e7aises.<\/p>\n\n\n\n<p>Promouvoir le sport pour les personnes greff\u00e9es ou dialys\u00e9es, <\/p>\n\n\n\n<p>Repr\u00e9senter la France aupr\u00e8s des instances nationales et internationales, et sensibiliser au don d\u2019organes.<\/p>\n\n\n\n<hr class=\"wp-block-separator has-alpha-channel-opacity\"\/>\n\n\n\n<h2 class=\"wp-block-heading\">Nos valeurs<\/h2>\n\n\n\n<ul class=\"wp-block-list\">\n<li><strong>Sport &amp; sant\u00e9<\/strong> : reprendre confiance, performer selon ses moyens, progresser sereinement, pratiquer une activit\u00e9 physique pour une meilleure r\u00e9insertion et inclusion dans la soci\u00e9t\u00e9. <\/li>\n\n\n\n<li><strong>Solidarit\u00e9<\/strong> : une famille qui se soutient sur et hors des terrains<\/li>\n\n\n\n<li><strong>Gratitude &amp; transmission<\/strong> : honorer les donneurs et inspirer le grand public<\/li>\n<\/ul>\n\n\n\n<hr class=\"wp-block-separator has-alpha-channel-opacity\"\/>\n\n\n\n<h2 class=\"wp-block-heading\">Fonctionnement &amp; moyens d\u2019action<\/h2>\n\n\n\n<ul class=\"wp-block-list\">\n<li>Collecte de fonds &amp; partenariats<\/li>\n\n\n\n<li>Acc\u00e8s aux structures d\u2019entra\u00eenement<\/li>\n\n\n\n<li>Organisation d\u2019\u00e9v\u00e9nements sportifs et solidaires<\/li>\n\n\n\n<li>Communication (m\u00e9dias, r\u00e9seaux, conf\u00e9rences)<\/li>\n\n\n\n<li>Coop\u00e9rations sport-sant\u00e9<\/li>\n\n\n\n<li>Rencontres patients-athl\u00e8tes<\/li>\n<\/ul>\n\n\n\n<hr class=\"wp-block-separator has-alpha-channel-opacity\"\/>\n\n\n\n<h2 class=\"wp-block-heading\">Gouvernance<\/h2>\n\n\n\n<ul class=\"wp-block-list\">\n<li><strong>Bureau<\/strong> : co-pr\u00e9sidences, secr\u00e9tariat, tr\u00e9sorerie<\/li>\n\n\n\n<li><strong>Fondateurs<\/strong> :<\/li>\n\n\n\n<li>Maxime Giardot (Co-pr\u00e9sident)<\/li>\n\n\n\n<li>Emmanuel Gastaud (Co-pr\u00e9sident)<\/li>\n\n\n\n<li>Adeline Billal (Secr\u00e9taire \/ Tr\u00e9sori\u00e8re)<\/li>\n<\/ul>\n\n\n\n<hr class=\"wp-block-separator has-alpha-channel-opacity\"\/>\n\n\n\n<h2 class=\"wp-block-heading\">Ressources de l\u2019association<\/h2>\n\n\n\n<ul class=\"wp-block-list\">\n<li>Cotisations<\/li>\n\n\n\n<li>Subventions publiques<\/li>\n\n\n\n<li>Dons (entreprises &amp; particuliers)<\/li>\n\n\n\n<li>Recettes d\u2019activit\u00e9s<\/li>\n\n\n\n<li>Dons manuels &amp; autres ressources l\u00e9gales<\/li>\n<\/ul>\n\n\n\n<hr class=\"wp-block-separator has-alpha-channel-opacity\"\/>\n\n\n\n<h2 class=\"wp-block-heading\">Si\u00e8ge social<\/h2>\n\n\n\n<p>61, chemin des Gros Buaux, 06800 Cagnes-sur-Mer<\/p>\n\n\n\n<p><a href=\"\/adhesion-cotisation\">Rejoindre l\u2019association<\/a><\/p>\n\n\n\n<p><\/p>\n","protected":false},"excerpt":{"rendered":"<p>Notre mission Sensibiliser au don d&rsquo;organes \u00e0 travers le sport et la comp\u00e9tition Soutenir la participation des membres dans les comp\u00e9titions nationales, europ\u00e9ennes et internationales. Principalement lors des Championnats des [&hellip;]<\/p>\n","protected":false},"author":1,"featured_media":0,"parent":0,"menu_order":0,"comment_status":"closed","ping_status":"closed","template":"","meta":{"_EventAllDay":false,"_EventTimezone":"","_EventStartDate":"","_EventEndDate":"","_EventStartDateUTC":"","_EventEndDateUTC":"","_EventShowMap":false,"_EventShowMapLink":false,"_EventURL":"","_EventCost":"","_EventCostDescription":"","_EventCurrencySymbol":"","_EventCurrencyCode":"","_EventCurrencyPosition":"","_EventDateTimeSeparator":"","_EventTimeRangeSeparator":"","_EventOrganizerID":[],"_EventVenueID":[],"_OrganizerEmail":"","_OrganizerPhone":"","_OrganizerWebsite":"","_VenueAddress":"","_VenueCity":"","_VenueCountry":"","_VenueProvince":"","_VenueState":"","_VenueZip":"","_VenuePhone":"","_VenueURL":"","_VenueStateProvince":"","_VenueLat":"","_VenueLng":"","_VenueShowMap":false,"_VenueShowMapLink":false,"footnotes":""},"class_list":["post-14","page","type-page","status-publish","hentry"],"yoast_head":"<!-- This site is optimized with the Yoast SEO plugin v25.9 - https:\/\/yoast.com\/wordpress\/plugins\/seo\/ -->\n<title>L\u2019\u00c9quipe de France - \u00c9quipe de France des transplant\u00e9s et dialys\u00e9s<\/title>\n<meta name=\"description\" content=\"D\u00e9couvrez l&#039;Equipe de France des transplant\u00e9s et dialys\u00e9s, soutenant les sportifs greff\u00e9s dans des comp\u00e9titions nationales \u00e0 internationales.\" \/>\n<meta name=\"robots\" content=\"index, follow, max-snippet:-1, max-image-preview:large, max-video-preview:-1\" \/>\n<link rel=\"canonical\" href=\"http:\/\/equipedefrancedestransplantes.fr\/?page_id=14\" \/>\n<meta property=\"og:locale\" content=\"fr_FR\" \/>\n<meta property=\"og:type\" content=\"article\" \/>\n<meta property=\"og:title\" content=\"L\u2019\u00c9quipe de France - \u00c9quipe de France des transplant\u00e9s et dialys\u00e9s\" \/>\n<meta property=\"og:description\" content=\"D\u00e9couvrez l&#039;Equipe de France des transplant\u00e9s et dialys\u00e9s, soutenant les sportifs greff\u00e9s dans des comp\u00e9titions nationales \u00e0 internationales.\" \/>\n<meta property=\"og:url\" content=\"http:\/\/equipedefrancedestransplantes.fr\/?page_id=14\" \/>\n<meta property=\"og:site_name\" content=\"\u00c9quipe de France des transplant\u00e9s et dialys\u00e9s\" \/>\n<meta property=\"article:modified_time\" content=\"2025-09-18T14:31:08+00:00\" \/>\n<meta name=\"twitter:card\" content=\"summary_large_image\" \/>\n<meta name=\"twitter:label1\" content=\"Dur\u00e9e de lecture estim\u00e9e\" \/>\n\t<meta name=\"twitter:data1\" content=\"1 minute\" \/>\n<script type=\"application\/ld+json\" class=\"yoast-schema-graph\">{\"@context\":\"https:\/\/schema.org\",\"@graph\":[{\"@type\":\"WebPage\",\"@id\":\"http:\/\/equipedefrancedestransplantes.fr\/?page_id=14\",\"url\":\"http:\/\/equipedefrancedestransplantes.fr\/?page_id=14\",\"name\":\"L\u2019\u00c9quipe de France - \u00c9quipe de France des transplant\u00e9s et dialys\u00e9s\",\"isPartOf\":{\"@id\":\"https:\/\/equipedefrancedestransplantes.fr\/#website\"},\"datePublished\":\"2025-09-18T14:13:58+00:00\",\"dateModified\":\"2025-09-18T14:31:08+00:00\",\"description\":\"D\u00e9couvrez l'Equipe de France des transplant\u00e9s et dialys\u00e9s, soutenant les sportifs greff\u00e9s dans des comp\u00e9titions nationales \u00e0 internationales.\",\"breadcrumb\":{\"@id\":\"http:\/\/equipedefrancedestransplantes.fr\/?page_id=14#breadcrumb\"},\"inLanguage\":\"fr-FR\",\"potentialAction\":[{\"@type\":\"ReadAction\",\"target\":[\"http:\/\/equipedefrancedestransplantes.fr\/?page_id=14\"]}]},{\"@type\":\"BreadcrumbList\",\"@id\":\"http:\/\/equipedefrancedestransplantes.fr\/?page_id=14#breadcrumb\",\"itemListElement\":[{\"@type\":\"ListItem\",\"position\":1,\"name\":\"Accueil\",\"item\":\"https:\/\/equipedefrancedestransplantes.fr\/\"},{\"@type\":\"ListItem\",\"position\":2,\"name\":\"L\u2019\u00c9quipe de France\"}]},{\"@type\":\"WebSite\",\"@id\":\"https:\/\/equipedefrancedestransplantes.fr\/#website\",\"url\":\"https:\/\/equipedefrancedestransplantes.fr\/\",\"name\":\"\u00c9quipe de France des transplant\u00e9s et dialys\u00e9s\",\"description\":\"Ensemble, plus fort, plus loin pour sensibiliser au don d&#039;organes\",\"potentialAction\":[{\"@type\":\"SearchAction\",\"target\":{\"@type\":\"EntryPoint\",\"urlTemplate\":\"https:\/\/equipedefrancedestransplantes.fr\/?s={search_term_string}\"},\"query-input\":{\"@type\":\"PropertyValueSpecification\",\"valueRequired\":true,\"valueName\":\"search_term_string\"}}],\"inLanguage\":\"fr-FR\"}]}<\/script>\n<!-- \/ Yoast SEO plugin. -->","yoast_head_json":{"title":"L\u2019\u00c9quipe de France - \u00c9quipe de France des transplant\u00e9s et dialys\u00e9s","description":"D\u00e9couvrez l'Equipe de France des transplant\u00e9s et dialys\u00e9s, soutenant les sportifs greff\u00e9s dans des comp\u00e9titions nationales \u00e0 internationales.","robots":{"index":"index","follow":"follow","max-snippet":"max-snippet:-1","max-image-preview":"max-image-preview:large","max-video-preview":"max-video-preview:-1"},"canonical":"http:\/\/equipedefrancedestransplantes.fr\/?page_id=14","og_locale":"fr_FR","og_type":"article","og_title":"L\u2019\u00c9quipe de France - \u00c9quipe de France des transplant\u00e9s et dialys\u00e9s","og_description":"D\u00e9couvrez l'Equipe de France des transplant\u00e9s et dialys\u00e9s, soutenant les sportifs greff\u00e9s dans des comp\u00e9titions nationales \u00e0 internationales.","og_url":"http:\/\/equipedefrancedestransplantes.fr\/?page_id=14","og_site_name":"\u00c9quipe de France des transplant\u00e9s et dialys\u00e9s","article_modified_time":"2025-09-18T14:31:08+00:00","twitter_card":"summary_large_image","twitter_misc":{"Dur\u00e9e de lecture estim\u00e9e":"1 minute"},"schema":{"@context":"https:\/\/schema.org","@graph":[{"@type":"WebPage","@id":"http:\/\/equipedefrancedestransplantes.fr\/?page_id=14","url":"http:\/\/equipedefrancedestransplantes.fr\/?page_id=14","name":"L\u2019\u00c9quipe de France - \u00c9quipe de France des transplant\u00e9s et dialys\u00e9s","isPartOf":{"@id":"https:\/\/equipedefrancedestransplantes.fr\/#website"},"datePublished":"2025-09-18T14:13:58+00:00","dateModified":"2025-09-18T14:31:08+00:00","description":"D\u00e9couvrez l'Equipe de France des transplant\u00e9s et dialys\u00e9s, soutenant les sportifs greff\u00e9s dans des comp\u00e9titions nationales \u00e0 internationales.","breadcrumb":{"@id":"http:\/\/equipedefrancedestransplantes.fr\/?page_id=14#breadcrumb"},"inLanguage":"fr-FR","potentialAction":[{"@type":"ReadAction","target":["http:\/\/equipedefrancedestransplantes.fr\/?page_id=14"]}]},{"@type":"BreadcrumbList","@id":"http:\/\/equipedefrancedestransplantes.fr\/?page_id=14#breadcrumb","itemListElement":[{"@type":"ListItem","position":1,"name":"Accueil","item":"https:\/\/equipedefrancedestransplantes.fr\/"},{"@type":"ListItem","position":2,"name":"L\u2019\u00c9quipe de France"}]},{"@type":"WebSite","@id":"https:\/\/equipedefrancedestransplantes.fr\/#website","url":"https:\/\/equipedefrancedestransplantes.fr\/","name":"\u00c9quipe de France des transplant\u00e9s et dialys\u00e9s","description":"Ensemble, plus fort, plus loin pour sensibiliser au don d&#039;organes","potentialAction":[{"@type":"SearchAction","target":{"@type":"EntryPoint","urlTemplate":"https:\/\/equipedefrancedestransplantes.fr\/?s={search_term_string}"},"query-input":{"@type":"PropertyValueSpecification","valueRequired":true,"valueName":"search_term_string"}}],"inLanguage":"fr-FR"}]}},"_links":{"self":[{"href":"http:\/\/equipedefrancedestransplantes.fr\/index.php?rest_route=\/wp\/v2\/pages\/14","targetHints":{"allow":["GET"]}}],"collection":[{"href":"http:\/\/equipedefrancedestransplantes.fr\/index.php?rest_route=\/wp\/v2\/pages"}],"about":[{"href":"http:\/\/equipedefrancedestransplantes.fr\/index.php?rest_route=\/wp\/v2\/types\/page"}],"author":[{"embeddable":true,"href":"http:\/\/equipedefrancedestransplantes.fr\/index.php?rest_route=\/wp\/v2\/users\/1"}],"replies":[{"embeddable":true,"href":"http:\/\/equipedefrancedestransplantes.fr\/index.php?rest_route=%2Fwp%2Fv2%2Fcomments&post=14"}],"version-history":[{"count":2,"href":"http:\/\/equipedefrancedestransplantes.fr\/index.php?rest_route=\/wp\/v2\/pages\/14\/revisions"}],"predecessor-version":[{"id":20,"href":"http:\/\/equipedefrancedestransplantes.fr\/index.php?rest_route=\/wp\/v2\/pages\/14\/revisions\/20"}],"wp:attachment":[{"href":"http:\/\/equipedefrancedestransplantes.fr\/index.php?rest_route=%2Fwp%2Fv2%2Fmedia&parent=14"}],"curies":[{"name":"wp","href":"https:\/\/api.w.org\/{rel}","templated":true}]}}

L’Équipe de France

<hr class="wp-block-separator has-alpha-channel-opacity"/>



<h2 class="wp-block-heading">Notre mission</h2>



<p>Sensibiliser au don d&rsquo;organes à travers le sport et la compétition</p>



<p>Soutenir la participation des membres dans les compétitions nationales, européennes et internationales. Principalement lors des Championnats des transplantés et dialysés.</p>



<p>Valoriser et faire reconnaitre les sportifs greffés et dialysés dans les fédérations et instance sportives françaises.</p>



<p>Promouvoir le sport pour les personnes greffées ou dialysées, </p>



<p>Représenter la France auprès des instances nationales et internationales, et sensibiliser au don d’organes.</p>



<hr class="wp-block-separator has-alpha-channel-opacity"/>



<h2 class="wp-block-heading">Nos valeurs</h2>



<ul class="wp-block-list">
<li><strong>Sport &amp; santé</strong> : reprendre confiance, performer selon ses moyens, progresser sereinement, pratiquer une activité physique pour une meilleure réinsertion et inclusion dans la société. </li>



<li><strong>Solidarité</strong> : une famille qui se soutient sur et hors des terrains</li>



<li><strong>Gratitude &amp; transmission</strong> : honorer les donneurs et inspirer le grand public</li>
</ul>



<hr class="wp-block-separator has-alpha-channel-opacity"/>



<h2 class="wp-block-heading">Fonctionnement &amp; moyens d’action</h2>



<ul class="wp-block-list">
<li>Collecte de fonds &amp; partenariats</li>



<li>Accès aux structures d’entraînement</li>



<li>Organisation d’événements sportifs et solidaires</li>



<li>Communication (médias, réseaux, conférences)</li>



<li>Coopérations sport-santé</li>



<li>Rencontres patients-athlètes</li>
</ul>



<hr class="wp-block-separator has-alpha-channel-opacity"/>



<h2 class="wp-block-heading">Gouvernance</h2>



<ul class="wp-block-list">
<li><strong>Bureau</strong> : co-présidences, secrétariat, trésorerie</li>



<li><strong>Fondateurs</strong> :</li>



<li>Maxime Giardot (Co-président)</li>



<li>Emmanuel Gastaud (Co-président)</li>



<li>Adeline Billal (Secrétaire / Trésorière)</li>
</ul>



<hr class="wp-block-separator has-alpha-channel-opacity"/>



<h2 class="wp-block-heading">Ressources de l’association</h2>



<ul class="wp-block-list">
<li>Cotisations</li>



<li>Subventions publiques</li>



<li>Dons (entreprises &amp; particuliers)</li>



<li>Recettes d’activités</li>



<li>Dons manuels &amp; autres ressources légales</li>
</ul>



<hr class="wp-block-separator has-alpha-channel-opacity"/>



<h2 class="wp-block-heading">Siège social</h2>



<p>61, chemin des Gros Buaux, 06800 Cagnes-sur-Mer</p>



<p><a href="/adhesion-cotisation">Rejoindre l’association</a></p>



<p></p>

<p>Notre mission Sensibiliser au don d&rsquo;organes à travers le sport et la compétition Soutenir la participation des membres dans les compétitions nationales, européennes et internationales. Principalement lors des Championnats des [&hellip;]</p>

<!-- This site is optimized with the Yoast SEO plugin v25.9 - https://yoast.com/wordpress/plugins/seo/ -->
<title>L’Équipe de France - Équipe de France des transplantés et dialysés</title>
<meta name="description" content="Découvrez l&#039;Equipe de France des transplantés et dialysés, soutenant les sportifs greffés dans des compétitions nationales à internationales." />
<meta name="robots" content="index, follow, max-snippet:-1, max-image-preview:large, max-video-preview:-1" />
<link rel="canonical" href="http://equipedefrancedestransplantes.fr/?page_id=14" />
<meta property="og:locale" content="fr_FR" />
<meta property="og:type" content="article" />
<meta property="og:title" content="L’Équipe de France - Équipe de France des transplantés et dialysés" />
<meta property="og:description" content="Découvrez l&#039;Equipe de France des transplantés et dialysés, soutenant les sportifs greffés dans des compétitions nationales à internationales." />
<meta property="og:url" content="http://equipedefrancedestransplantes.fr/?page_id=14" />
<meta property="og:site_name" content="Équipe de France des transplantés et dialysés" />
<meta property="article:modified_time" content="2025-09-18T14:31:08+00:00" />
<meta name="twitter:card" content="summary_large_image" />
<meta name="twitter:label1" content="Durée de lecture estimée" />
	<meta name="twitter:data1" content="1 minute" />
<script type="application/ld+json" class="yoast-schema-graph">{"@context":"https://schema.org","@graph":[{"@type":"WebPage","@id":"http://equipedefrancedestransplantes.fr/?page_id=14","url":"http://equipedefrancedestransplantes.fr/?page_id=14","name":"L’Équipe de France - Équipe de France des transplantés et dialysés","isPartOf":{"@id":"https://equipedefrancedestransplantes.fr/#website"},"datePublished":"2025-09-18T14:13:58+00:00","dateModified":"2025-09-18T14:31:08+00:00","description":"Découvrez l'Equipe de France des transplantés et dialysés, soutenant les sportifs greffés dans des compétitions nationales à internationales.","breadcrumb":{"@id":"http://equipedefrancedestransplantes.fr/?page_id=14#breadcrumb"},"inLanguage":"fr-FR","potentialAction":[{"@type":"ReadAction","target":["http://equipedefrancedestransplantes.fr/?page_id=14"]}]},{"@type":"BreadcrumbList","@id":"http://equipedefrancedestransplantes.fr/?page_id=14#breadcrumb","itemListElement":[{"@type":"ListItem","position":1,"name":"Accueil","item":"https://equipedefrancedestransplantes.fr/"},{"@type":"ListItem","position":2,"name":"L’Équipe de France"}]},{"@type":"WebSite","@id":"https://equipedefrancedestransplantes.fr/#website","url":"https://equipedefrancedestransplantes.fr/","name":"Équipe de France des transplantés et dialysés","description":"Ensemble, plus fort, plus loin pour sensibiliser au don d&#039;organes","potentialAction":[{"@type":"SearchAction","target":{"@type":"EntryPoint","urlTemplate":"https://equipedefrancedestransplantes.fr/?s={search_term_string}"},"query-input":{"@type":"PropertyValueSpecification","valueRequired":true,"valueName":"search_term_string"}}],"inLanguage":"fr-FR"}]}</script>
<!-- / Yoast SEO plugin. -->

L’Équipe de France - Équipe de France des transplantés et dialysés

Découvrez l'Equipe de France des transplantés et dialysés, soutenant les sportifs greffés dans des compétitions nationales à internationales.

Équipe de France des transplantés et dialysés
